{"id":13,"date":"2022-01-27T20:46:05","date_gmt":"2022-01-27T20:46:05","guid":{"rendered":"https:\/\/www.samariterbreitenbach.ch\/?page_id=13"},"modified":"2026-03-29T15:48:23","modified_gmt":"2026-03-29T15:48:23","slug":"home","status":"publish","type":"page","link":"https:\/\/www.samariterbreitenbach.ch\/","title":{"rendered":"Home"},"content":{"rendered":"<p>[et_pb_section fb_built=&#8220;1&#8243; _builder_version=&#8220;4.16&#8243; global_colors_info=&#8220;{}&#8220;][et_pb_row column_structure=&#8220;2_5,3_5&#8243; _builder_version=&#8220;4.16&#8243; global_colors_info=&#8220;{}&#8220;][et_pb_column type=&#8220;2_5&#8243; _builder_version=&#8220;4.16&#8243; custom_padding=&#8220;|||&#8220; global_colors_info=&#8220;{}&#8220; custom_padding__hover=&#8220;|||&#8220;][et_pb_image src=&#8220;https:\/\/www.samariterbreitenbach.ch\/wp-content\/uploads\/2022\/01\/cropped-LogoSamBreiten.jpg&#8220; title_text=&#8220;cropped-LogoSamBreiten.jpg&#8220; show_bottom_space=&#8220;off&#8220; _builder_version=&#8220;4.18.0&#8243; _module_preset=&#8220;default&#8220; custom_margin=&#8220;||||false|false&#8220; border_width_all=&#8220;0px&#8220; global_colors_info=&#8220;{}&#8220;][\/et_pb_image][et_pb_divider color=&#8220;RGBA(255,255,255,0)&#8220; _builder_version=&#8220;4.18.0&#8243; _module_preset=&#8220;default&#8220; global_colors_info=&#8220;{}&#8220;][\/et_pb_divider][et_pb_button button_url=&#8220;https:\/\/www.samariterbreitenbach.ch\/index.php\/kurse\/#kurslokal&#8220; button_text=&#8220;Neues Kurslokal&#8220; button_alignment=&#8220;center&#8220; admin_label=&#8220;Button Blutspenden&#8220; _builder_version=&#8220;4.18.0&#8243; _module_preset=&#8220;default&#8220; custom_button=&#8220;on&#8220; button_text_size=&#8220;30px&#8220; button_text_color=&#8220;#FFFFFF&#8220; button_bg_color=&#8220;#E02B20&#8243; button_border_width=&#8220;0px&#8220; button_border_color=&#8220;#000000&#8243; button_font=&#8220;Acme||||||||&#8220; global_colors_info=&#8220;{}&#8220;][\/et_pb_button][\/et_pb_column][et_pb_column type=&#8220;3_5&#8243; _builder_version=&#8220;4.16&#8243; custom_padding=&#8220;|||&#8220; global_colors_info=&#8220;{}&#8220; custom_padding__hover=&#8220;|||&#8220;][et_pb_text disabled_on=&#8220;on|on|on&#8220; _builder_version=&#8220;4.18.0&#8243; text_font=&#8220;Acme||||||||&#8220; text_font_size=&#8220;24px&#8220; text_line_height=&#8220;1.8em&#8220; background_size=&#8220;initial&#8220; background_position=&#8220;top_left&#8220; background_repeat=&#8220;repeat&#8220; disabled=&#8220;on&#8220; global_colors_info=&#8220;{}&#8220;]<\/p>\n<p>Herzlich willkommen bei uns !<\/p>\n<p>[\/et_pb_text][et_pb_text disabled_on=&#8220;on|on|on&#8220; _builder_version=&#8220;4.18.0&#8243; _module_preset=&#8220;default&#8220; text_text_color=&#8220;#E02B20&#8243; text_font_size=&#8220;15px&#8220; header_text_color=&#8220;#E02B20&#8243; header_font_size=&#8220;53px&#8220; header_text_shadow_style=&#8220;preset5&#8243; disabled=&#8220;on&#8220; global_colors_info=&#8220;{}&#8220;]<\/p>\n<h1 style=\"text-align: center;\"><strong>Wir w\u00fcnschen allen<br \/>frohe Weihnachten<br \/>und<br \/>ein gutes neues Jahr<br \/><\/strong><strong><\/strong><\/h1>\n<p>[\/et_pb_text][et_pb_image src=&#8220;https:\/\/www.samariterbreitenbach.ch\/wp-content\/uploads\/2024\/12\/Weihnachtsbaum-2024.jpg&#8220; title_text=&#8220;Weihnachtsbaum 2024&#8243; disabled_on=&#8220;on|on|on&#8220; _builder_version=&#8220;4.18.0&#8243; _module_preset=&#8220;default&#8220; disabled=&#8220;on&#8220; global_colors_info=&#8220;{}&#8220;][\/et_pb_image][et_pb_image src=&#8220;https:\/\/www.samariterbreitenbach.ch\/wp-content\/uploads\/2026\/03\/Flyer-Kaffeestube-2-pdf.jpg&#8220; title_text=&#8220;Flyer Kaffeestube&#8220; disabled_on=&#8220;off|off|off&#8220; _builder_version=&#8220;4.18.0&#8243; _module_preset=&#8220;default&#8220; hover_enabled=&#8220;0&#8243; global_colors_info=&#8220;{}&#8220; sticky_enabled=&#8220;0&#8243; background_color=&#8220;#E02B20&#8243;][\/et_pb_image][et_pb_image src=&#8220;https:\/\/www.samariterbreitenbach.ch\/wp-content\/uploads\/2026\/03\/Banner-Kaffeestube.pdf&#8220; _builder_version=&#8220;4.18.0&#8243; _module_preset=&#8220;default&#8220; hover_enabled=&#8220;0&#8243; sticky_enabled=&#8220;0&#8243;][\/et_pb_image][et_pb_cta title=&#8220;Ihr \/ unser Einsatz am 10. M\u00e4rz 2026&#8243; button_url=&#8220;https:\/\/www.samariterbreitenbach.ch\/index.php\/blutspenden\/&#8220; button_text=&#8220;Blutspende in Breitenbach ab 17 Uhr&#8220; title_tablet=&#8220;Ihr \/ unser Einsatz am 2. Dezember 2025&#8243; title_phone=&#8220;N\u00e4chster Anlass:&#8220; title_last_edited=&#8220;off|desktop&#8220; button_text_last_edited=&#8220;off|desktop&#8220; content_phone=&#8220;<\/p>\n<p>Di. 02.12.2025<\/p>\n<p>&#8220; content_last_edited=&#8220;off|desktop&#8220; disabled_on=&#8220;on|on|on&#8220; _builder_version=&#8220;4.18.0&#8243; _module_preset=&#8220;default&#8220; body_font=&#8220;|600|||||||&#8220; body_font_size=&#8220;23px&#8220; background_color=&#8220;#549CA5&#8243; custom_button=&#8220;on&#8220; button_text_color=&#8220;#FFFFFF&#8220; button_bg_color=&#8220;#E02B20&#8243; button_border_color=&#8220;RGBA(255,255,255,0)&#8220; disabled=&#8220;on&#8220; global_colors_info=&#8220;{}&#8220;][\/et_pb_cta][et_pb_cta title=&#8220;Unser Anlass am Freitag, 20. M\u00e4rz 2026&#8243; button_url=&#8220;https:\/\/www.samariterbreitenbach.ch\/?et_fb=1&#038;PageSpeed=off&#8220; button_text=&#8220;Generalversammlung 2026&#8243; title_tablet=&#8220;Unser Anlass am Freitag, 12.12.2025&#8243; title_phone=&#8220;N\u00e4chster Anlass:&#8220; title_last_edited=&#8220;off|desktop&#8220; button_text_last_edited=&#8220;off|desktop&#8220; content_phone=&#8220;<\/p>\n<p>Fr. 12.12.2025<\/p>\n<p>&#8220; content_last_edited=&#8220;off|desktop&#8220; disabled_on=&#8220;on|on|on&#8220; _builder_version=&#8220;4.18.0&#8243; _module_preset=&#8220;default&#8220; body_font=&#8220;|600|||||||&#8220; body_font_size=&#8220;23px&#8220; background_color=&#8220;#834c85&#8243; custom_button=&#8220;on&#8220; button_text_color=&#8220;#FFFFFF&#8220; button_bg_color=&#8220;#E02B20&#8243; button_border_color=&#8220;RGBA(255,255,255,0)&#8220; disabled=&#8220;on&#8220; global_colors_info=&#8220;{}&#8220;][\/et_pb_cta][et_pb_cta title=&#8220;Unser Einsatz am 25. Mai 2026&#8243; button_url=&#8220;@ET-DC@eyJkeW5hbWljIjp0cnVlLCJjb250ZW50IjoicG9zdF9saW5rX3VybF9wYWdlIiwic2V0dGluZ3MiOnsicG9zdF9pZCI6IjExMDkifX0=@&#8220; button_text=&#8220;Sanit\u00e4tsdienst am Pfingstmarkt in Breitenbach&#8220; title_tablet=&#8220;Unser Einsatz am 8. November 2025&#8243; title_phone=&#8220;N\u00e4chster Einsatz:&#8220; title_last_edited=&#8220;off|desktop&#8220; content_phone=&#8220;<\/p>\n<p>Sa. 08.11.2025<\/p>\n<p>&#8220; content_last_edited=&#8220;off|desktop&#8220; disabled_on=&#8220;off|off|off&#8220; _builder_version=&#8220;4.18.0&#8243; _module_preset=&#8220;default&#8220; body_font=&#8220;|600|||||||&#8220; body_font_size=&#8220;23px&#8220; background_color=&#8220;#834c85&#8243; custom_button=&#8220;on&#8220; button_text_color=&#8220;#FFFFFF&#8220; button_bg_color=&#8220;#E02B20&#8243; button_border_color=&#8220;RGBA(255,255,255,0)&#8220; hover_enabled=&#8220;0&#8243; global_colors_info=&#8220;{}&#8220; _dynamic_attributes=&#8220;button_url&#8220; sticky_enabled=&#8220;0&#8243;][\/et_pb_cta][et_pb_cta title=&#8220;Pfingstmarkt am 25. Mail 2026&#8243; button_url=&#8220;@ET-DC@eyJkeW5hbWljIjp0cnVlLCJjb250ZW50IjoicG9zdF9saW5rX3VybF9wYWdlIiwic2V0dGluZ3MiOnsicG9zdF9pZCI6IjExMDkifX0=@&#8220; url_new_window=&#8220;on&#8220; button_text=&#8220;Kaffee-St\u00fcbli im Pfarreisaal&#8220; title_tablet=&#8220;\u00d6ffentlicher Vortrag am 29. Oktober 2025&#8243; title_phone=&#8220;\u00d6ffentlicher Vortrag am&#8220; title_last_edited=&#8220;off|desktop&#8220; content_phone=&#8220;<\/p>\n<p>Mi. 29.10.2025<\/p>\n<p>&#8220; content_last_edited=&#8220;off|desktop&#8220; disabled_on=&#8220;off|off|off&#8220; _builder_version=&#8220;4.18.0&#8243; _module_preset=&#8220;default&#8220; body_font=&#8220;|600|||||||&#8220; body_font_size=&#8220;23px&#8220; background_color=&#8220;#549CA5&#8243; custom_button=&#8220;on&#8220; button_text_color=&#8220;#FFFFFF&#8220; button_bg_color=&#8220;#E02B20&#8243; button_border_color=&#8220;RGBA(255,255,255,0)&#8220; hover_enabled=&#8220;0&#8243; locked=&#8220;off&#8220; global_colors_info=&#8220;{}&#8220; _dynamic_attributes=&#8220;button_url&#8220; sticky_enabled=&#8220;0&#8243;][\/et_pb_cta][et_pb_cta title=&#8220;N\u00e4chster Kurs: 25. Oktober 2025 &#8220; button_url=&#8220;@ET-DC@eyJkeW5hbWljIjp0cnVlLCJjb250ZW50IjoicG9zdF9saW5rX3VybF9wYWdlIiwic2V0dGluZ3MiOnsicG9zdF9pZCI6IjE0NiJ9fQ==@&#8220; button_text=&#8220;BLS-AED-SRC-Komplett&#8220; disabled_on=&#8220;on|on|on&#8220; _builder_version=&#8220;4.18.0&#8243; _dynamic_attributes=&#8220;button_url&#8220; _module_preset=&#8220;default&#8220; background_color=&#8220;#549CA5&#8243; custom_button=&#8220;on&#8220; button_text_color=&#8220;#FFFFFF&#8220; button_bg_color=&#8220;#E02B20&#8243; button_border_color=&#8220;RGBA(255,255,255,0)&#8220; link_option_url=&#8220;https:\/\/www.samariterbreitenbach.ch\/index.php\/bls-aed-src-komplett\/&#8220; disabled=&#8220;on&#8220; saved_tabs=&#8220;all&#8220; global_colors_info=&#8220;{}&#8220;][\/et_pb_cta][\/et_pb_column][\/et_pb_row][et_pb_row _builder_version=&#8220;4.18.0&#8243; _module_preset=&#8220;default&#8220; global_colors_info=&#8220;{}&#8220;][et_pb_column type=&#8220;4_4&#8243; _builder_version=&#8220;4.18.0&#8243; _module_preset=&#8220;default&#8220; global_colors_info=&#8220;{}&#8220;][et_pb_button button_url=&#8220;https:\/\/www.samariterbreitenbach.ch\/index.php\/bls-aed-src-komplett\/#impbls&#8220; button_text=&#8220;Zeitungsartikel zum erfolgreichen BLS-AED-AED &#8211; Kurs&#8220; _builder_version=&#8220;4.18.0&#8243; _module_preset=&#8220;default&#8220; global_colors_info=&#8220;{}&#8220;][\/et_pb_button][\/et_pb_column][\/et_pb_row][\/et_pb_section][et_pb_section fb_built=&#8220;1&#8243; _builder_version=&#8220;4.18.0&#8243; _module_preset=&#8220;default&#8220; global_colors_info=&#8220;{}&#8220;][et_pb_row column_structure=&#8220;1_3,1_3,1_3&#8243; _builder_version=&#8220;4.18.0&#8243; _module_preset=&#8220;default&#8220; global_colors_info=&#8220;{}&#8220;][et_pb_column type=&#8220;1_3&#8243; _builder_version=&#8220;4.18.0&#8243; _module_preset=&#8220;default&#8220; global_colors_info=&#8220;{}&#8220;][et_pb_button button_url=&#8220;@ET-DC@eyJkeW5hbWljIjp0cnVlLCJjb250ZW50IjoicG9zdF9saW5rX3VybF9wYWdlIiwic2V0dGluZ3MiOnsicG9zdF9pZCI6IjE3In19@&#8220; button_text=&#8220;Blutspenden&#8220; admin_label=&#8220;Button Blutspenden&#8220; _builder_version=&#8220;4.18.0&#8243; _dynamic_attributes=&#8220;button_url&#8220; _module_preset=&#8220;default&#8220; custom_button=&#8220;on&#8220; button_text_size=&#8220;30px&#8220; button_text_color=&#8220;#FFFFFF&#8220; button_bg_color=&#8220;#E02B20&#8243; button_border_width=&#8220;0px&#8220; button_border_color=&#8220;#000000&#8243; button_font=&#8220;Acme||||||||&#8220; global_colors_info=&#8220;{}&#8220;][\/et_pb_button][\/et_pb_column][et_pb_column type=&#8220;1_3&#8243; _builder_version=&#8220;4.18.0&#8243; _module_preset=&#8220;default&#8220; global_colors_info=&#8220;{}&#8220;][et_pb_button button_url=&#8220;@ET-DC@eyJkeW5hbWljIjp0cnVlLCJjb250ZW50IjoicG9zdF9saW5rX3VybF9wYWdlIiwic2V0dGluZ3MiOnsicG9zdF9pZCI6IjUxIn19@&#8220; button_text=&#8220;Nothelferkurse&#8220; admin_label=&#8220;Button Nothelfer&#8220; _builder_version=&#8220;4.18.0&#8243; _dynamic_attributes=&#8220;button_url&#8220; _module_preset=&#8220;default&#8220; custom_button=&#8220;on&#8220; button_text_size=&#8220;30px&#8220; button_text_color=&#8220;#000000&#8243; button_bg_color=&#8220;#706f84&#8243; button_border_width=&#8220;2px&#8220; button_border_color=&#8220;#000000&#8243; button_font=&#8220;Acme||||||||&#8220; global_colors_info=&#8220;{}&#8220;][\/et_pb_button][\/et_pb_column][et_pb_column type=&#8220;1_3&#8243; _builder_version=&#8220;4.18.0&#8243; _module_preset=&#8220;default&#8220; global_colors_info=&#8220;{}&#8220;][et_pb_button button_url=&#8220;@ET-DC@eyJkeW5hbWljIjp0cnVlLCJjb250ZW50IjoicG9zdF9saW5rX3VybF9wYWdlIiwic2V0dGluZ3MiOnsicG9zdF9pZCI6IjU4In19@&#8220; button_text=&#8220;Jahresprogramm&#8220; admin_label=&#8220;Button Jahresprogramm&#8220; _builder_version=&#8220;4.18.0&#8243; _dynamic_attributes=&#8220;button_url&#8220; _module_preset=&#8220;default&#8220; custom_button=&#8220;on&#8220; button_text_size=&#8220;30px&#8220; button_text_color=&#8220;#000000&#8243; button_bg_color=&#8220;#706f84&#8243; button_border_width=&#8220;2px&#8220; button_border_color=&#8220;#000000&#8243; button_font=&#8220;Acme||||||||&#8220; global_colors_info=&#8220;{}&#8220;][\/et_pb_button][\/et_pb_column][\/et_pb_row][\/et_pb_section]<\/p>\n","protected":false},"excerpt":{"rendered":"<p>Herzlich willkommen bei uns !Wir w\u00fcnschen allenfrohe Weihnachtenundein gutes neues Jahr<\/p>\n","protected":false},"author":1,"featured_media":0,"parent":0,"menu_order":0,"comment_status":"closed","ping_status":"closed","template":"","meta":{"_et_pb_use_builder":"on","_et_pb_old_content":"<p>Hallo<\/p>","_et_gb_content_width":"","footnotes":""},"class_list":["post-13","page","type-page","status-publish","hentry"],"_links":{"self":[{"href":"https:\/\/www.samariterbreitenbach.ch\/index.php\/wp-json\/wp\/v2\/pages\/13","targetHints":{"allow":["GET"]}}],"collection":[{"href":"https:\/\/www.samariterbreitenbach.ch\/index.php\/wp-json\/wp\/v2\/pages"}],"about":[{"href":"https:\/\/www.samariterbreitenbach.ch\/index.php\/wp-json\/wp\/v2\/types\/page"}],"author":[{"embeddable":true,"href":"https:\/\/www.samariterbreitenbach.ch\/index.php\/wp-json\/wp\/v2\/users\/1"}],"replies":[{"embeddable":true,"href":"https:\/\/www.samariterbreitenbach.ch\/index.php\/wp-json\/wp\/v2\/comments?post=13"}],"version-history":[{"count":120,"href":"https:\/\/www.samariterbreitenbach.ch\/index.php\/wp-json\/wp\/v2\/pages\/13\/revisions"}],"predecessor-version":[{"id":1131,"href":"https:\/\/www.samariterbreitenbach.ch\/index.php\/wp-json\/wp\/v2\/pages\/13\/revisions\/1131"}],"wp:attachment":[{"href":"https:\/\/www.samariterbreitenbach.ch\/index.php\/wp-json\/wp\/v2\/media?parent=13"}],"curies":[{"name":"wp","href":"https:\/\/api.w.org\/{rel}","templated":true}]}}